[INFO] cloning repository https://github.com/computermouth/rusti
[INFO] running `Command { std: "git" "-c" "credential.helper=" "-c" "credential.helper=/workspace/cargo-home/bin/git-credential-null" "clone" "--bare" "https://github.com/computermouth/rusti" "/workspace/cache/git-repos/https%3A%2F%2Fgithub.com%2Fcomputermouth%2Frusti", kill_on_drop: false }`
[INFO] [stderr] Cloning into bare repository '/workspace/cache/git-repos/https%3A%2F%2Fgithub.com%2Fcomputermouth%2Frusti'...
[INFO] running `Command { std: "git" "rev-parse" "HEAD", kill_on_drop: false }`
[INFO] [stdout] 51fd30484e8b9203006978273ff4e36a239c30ad
[INFO] checking computermouth/rusti against try#72f88fc4e9458f89516a0b8b0868f3718aec5b47 for pr-74989
[INFO] running `Command { std: "git" "clone" "/workspace/cache/git-repos/https%3A%2F%2Fgithub.com%2Fcomputermouth%2Frusti" "/workspace/builds/worker-4/source", kill_on_drop: false }`
[INFO] [stderr] Cloning into '/workspace/builds/worker-4/source'...
[INFO] [stderr] done.
[INFO] validating manifest of git repo https://github.com/computermouth/rusti on toolchain 72f88fc4e9458f89516a0b8b0868f3718aec5b47
[INFO] running `Command { std: "/workspace/cargo-home/bin/cargo" "+72f88fc4e9458f89516a0b8b0868f3718aec5b47" "read-manifest" "--manifest-path" "Cargo.toml", kill_on_drop: false }`
[INFO] started tweaking git repo https://github.com/computermouth/rusti
[INFO] finished tweaking git repo https://github.com/computermouth/rusti
[INFO] tweaked toml for git repo https://github.com/computermouth/rusti written to /workspace/builds/worker-4/source/Cargo.toml
[INFO] crate git repo https://github.com/computermouth/rusti already has a lockfile, it will not be regenerated
[INFO] running `Command { std: "/workspace/cargo-home/bin/cargo" "+72f88fc4e9458f89516a0b8b0868f3718aec5b47" "fetch" "--locked" "--manifest-path" "Cargo.toml", kill_on_drop: false }`
[INFO] [stderr] error: the lock file /workspace/builds/worker-4/source/Cargo.lock needs to be updated but --locked was passed to prevent this
[INFO] [stderr] If you want to try to generate the lock file without accessing the network, use the --offline flag.
[INFO] the lockfile is outdated, regenerating it
[INFO] running `Command { std: "/workspace/cargo-home/bin/cargo" "+72f88fc4e9458f89516a0b8b0868f3718aec5b47" "generate-lockfile" "--manifest-path" "Cargo.toml" "-Zno-index-update", kill_on_drop: false }`
[INFO] running `Command { std: "/workspace/cargo-home/bin/cargo" "+72f88fc4e9458f89516a0b8b0868f3718aec5b47" "fetch" "--locked" "--manifest-path" "Cargo.toml", kill_on_drop: false }`
[INFO] [stderr]  Downloading crates ...
[INFO] [stderr]   Downloaded glib-sys v0.2.1
[INFO] [stderr]   Downloaded gdk-pixbuf-sys v0.2.1
[INFO] [stderr]   Downloaded cairo-sys-rs v0.2.1
[INFO] [stderr]   Downloaded gcc v0.3.9
[INFO] [stderr]   Downloaded pango-sys v0.2.1
[INFO] [stderr]   Downloaded gdk-sys v0.2.1
[INFO] [stderr]   Downloaded cairo-rs v0.0.6
[INFO] [stderr]   Downloaded glib v0.0.5
[INFO] [stderr]   Downloaded pango v0.0.4
[INFO] [stderr]   Downloaded gtk-sys v0.2.1
[INFO] [stderr]   Downloaded atk-sys v0.2.1
[INFO] [stderr]   Downloaded gdk v0.1.4
[INFO] [stderr]   Downloaded glib v0.0.4
[INFO] [stderr]   Downloaded cairo-rs v0.0.5
[INFO] [stderr]   Downloaded gio-sys v0.2.1
[INFO] [stderr]   Downloaded gobject-sys v0.2.1
[INFO] [stderr]   Downloaded gtk v0.0.4
[INFO] running `Command { std: "docker" "create" "-v" "/var/lib/crater-agent-workspace/builds/worker-4/target:/opt/rustwide/target:rw,Z" "-v" "/var/lib/crater-agent-workspace/builds/worker-4/source:/opt/rustwide/workdir:ro,Z" "-v" "/var/lib/crater-agent-workspace/cargo-home:/opt/rustwide/cargo-home:ro,Z" "-v" "/var/lib/crater-agent-workspace/rustup-home:/opt/rustwide/rustup-home:ro,Z" "-e" "SOURCE_DIR=/opt/rustwide/workdir" "-e" "CARGO_TARGET_DIR=/opt/rustwide/target" "-e" "CARGO_HOME=/opt/rustwide/cargo-home" "-e" "RUSTUP_HOME=/opt/rustwide/rustup-home" "-w" "/opt/rustwide/workdir" "-m" "1610612736" "--user" "0:0" "--network" "none" "rustops/crates-build-env@sha256:d92eaeed33fa75130ca1ee6c8a01d1ffb62bac859dfdfb3450e3e5d1c0146529" "/opt/rustwide/cargo-home/bin/cargo" "+72f88fc4e9458f89516a0b8b0868f3718aec5b47" "metadata" "--no-deps" "--format-version=1", kill_on_drop: false }`
[INFO] [stdout] 85e4e5ae8d65586211ed95d073f614c5ec640a505f8a394a2fe86c5c843c633e
[INFO] [stderr] WARNING: Your kernel does not support swap limit capabilities or the cgroup is not mounted. Memory limited without swap.
[INFO] running `Command { std: "docker" "start" "-a" "85e4e5ae8d65586211ed95d073f614c5ec640a505f8a394a2fe86c5c843c633e", kill_on_drop: false }`
[INFO] running `Command { std: "docker" "inspect" "85e4e5ae8d65586211ed95d073f614c5ec640a505f8a394a2fe86c5c843c633e", kill_on_drop: false }`
[INFO] running `Command { std: "docker" "rm" "-f" "85e4e5ae8d65586211ed95d073f614c5ec640a505f8a394a2fe86c5c843c633e", kill_on_drop: false }`
[INFO] [stdout] 85e4e5ae8d65586211ed95d073f614c5ec640a505f8a394a2fe86c5c843c633e
[INFO] running `Command { std: "docker" "create" "-v" "/var/lib/crater-agent-workspace/builds/worker-4/target:/opt/rustwide/target:rw,Z" "-v" "/var/lib/crater-agent-workspace/builds/worker-4/source:/opt/rustwide/workdir:ro,Z" "-v" "/var/lib/crater-agent-workspace/cargo-home:/opt/rustwide/cargo-home:ro,Z" "-v" "/var/lib/crater-agent-workspace/rustup-home:/opt/rustwide/rustup-home:ro,Z" "-e" "SOURCE_DIR=/opt/rustwide/workdir" "-e" "CARGO_TARGET_DIR=/opt/rustwide/target" "-e" "CARGO_INCREMENTAL=0" "-e" "RUST_BACKTRACE=full" "-e" "RUSTFLAGS=--cap-lints=forbid" "-e" "CARGO_HOME=/opt/rustwide/cargo-home" "-e" "RUSTUP_HOME=/opt/rustwide/rustup-home" "-w" "/opt/rustwide/workdir" "-m" "1610612736" "--user" "0:0" "--network" "none" "rustops/crates-build-env@sha256:d92eaeed33fa75130ca1ee6c8a01d1ffb62bac859dfdfb3450e3e5d1c0146529" "/opt/rustwide/cargo-home/bin/cargo" "+72f88fc4e9458f89516a0b8b0868f3718aec5b47" "check" "--frozen" "--all" "--all-targets" "--message-format=json", kill_on_drop: false }`
[INFO] [stdout] e973ef3a49e79f0915b860351522852af5cfd6b14eccafa1b6955e4978c4a3b0
[INFO] [stderr] WARNING: Your kernel does not support swap limit capabilities or the cgroup is not mounted. Memory limited without swap.
[INFO] running `Command { std: "docker" "start" "-a" "e973ef3a49e79f0915b860351522852af5cfd6b14eccafa1b6955e4978c4a3b0", kill_on_drop: false }`
[INFO] [stderr]    Compiling gcc v0.3.9
[INFO] [stderr]    Compiling cairo-rs v0.0.6
[INFO] [stderr]    Compiling gdk v0.1.4
[INFO] [stderr]    Compiling cairo-rs v0.0.5
[INFO] [stderr]    Compiling gtk v0.0.4
[INFO] [stderr]    Compiling glib-sys v0.2.1
[INFO] [stderr]    Compiling gobject-sys v0.2.1
[INFO] [stderr]    Compiling gio-sys v0.2.1
[INFO] [stderr]    Compiling cairo-sys-rs v0.2.1
[INFO] [stderr]    Compiling pango-sys v0.2.1
[INFO] [stderr]    Compiling gdk-pixbuf-sys v0.2.1
[INFO] [stderr]    Compiling gdk-sys v0.2.1
[INFO] [stderr]    Compiling atk-sys v0.2.1
[INFO] [stderr]    Compiling gtk-sys v0.2.1
[INFO] [stderr]     Checking glib v0.0.4
[INFO] [stderr]     Checking glib v0.0.5
[INFO] [stdout] error[E0308]: mismatched types
[INFO] [stdout]   --> /opt/rustwide/cargo-home/registry/src/github.com-1ecc6299db9ec823/glib-0.0.4/src/signal.rs:12:53
[INFO] [stdout]    |
[INFO] [stdout] 12 |     let handle = gobject_ffi::g_signal_connect_data(receiver, signal_name.to_glib_none().0,
[INFO] [stdout]    |                                                     ^^^^^^^^ expected struct `GObject`, found enum `libc::c_void`
[INFO] [stdout]    |
[INFO] [stdout]    = note: expected raw pointer `*mut GObject`
[INFO] [stdout]               found raw pointer `*mut libc::c_void`
[INFO] [stdout] 
[INFO] [stdout] 
[INFO] [stdout] error[E0591]: can't transmute zero-sized type
[INFO] [stdout]   --> /opt/rustwide/cargo-home/registry/src/github.com-1ecc6299db9ec823/glib-0.0.5/src/source.rs:66:48
[INFO] [stdout]    |
[INFO] [stdout] 66 |         g_idle_add_full(PRIORITY_DEFAULT_IDLE, transmute(trampoline),
[INFO] [stdout]    |                                                ^^^^^^^^^
[INFO] [stdout]    |
[INFO] [stdout]    = note: source type: for<'r> extern "C" fn(&'r RefCell<Box<(dyn FnMut() -> source::Continue + 'static)>>) -> i32 {trampoline}
[INFO] [stdout]    = note: target type: Option<unsafe extern "C" fn(*mut libc::c_void) -> i32>
[INFO] [stdout]    = help: cast with `as` to a pointer instead
[INFO] [stdout] 
[INFO] [stdout] 
[INFO] [stdout] error[E0591]: can't transmute zero-sized type
[INFO] [stdout]    --> /opt/rustwide/cargo-home/registry/src/github.com-1ecc6299db9ec823/glib-0.0.5/src/source.rs:101:56
[INFO] [stdout]     |
[INFO] [stdout] 101 |         g_timeout_add_full(PRIORITY_DEFAULT, interval, transmute(trampoline),
[INFO] [stdout]     |                                                        ^^^^^^^^^
[INFO] [stdout]     |
[INFO] [stdout]     = note: source type: for<'r> extern "C" fn(&'r RefCell<Box<(dyn FnMut() -> source::Continue + 'static)>>) -> i32 {trampoline}
[INFO] [stdout]     = note: target type: Option<unsafe extern "C" fn(*mut libc::c_void) -> i32>
[INFO] [stdout]     = help: cast with `as` to a pointer instead
[INFO] [stdout] 
[INFO] [stdout] 
[INFO] [stdout] error[E0591]: can't transmute zero-sized type
[INFO] [stdout]    --> /opt/rustwide/cargo-home/registry/src/github.com-1ecc6299db9ec823/glib-0.0.5/src/source.rs:129:64
[INFO] [stdout]     |
[INFO] [stdout] 129 |         g_timeout_add_seconds_full(PRIORITY_DEFAULT, interval, transmute(trampoline),
[INFO] [stdout]     |                                                                ^^^^^^^^^
[INFO] [stdout]     |
[INFO] [stdout]     = note: source type: for<'r> extern "C" fn(&'r RefCell<Box<(dyn FnMut() -> source::Continue + 'static)>>) -> i32 {trampoline}
[INFO] [stdout]     = note: target type: Option<unsafe extern "C" fn(*mut libc::c_void) -> i32>
[INFO] [stdout]     = help: cast with `as` to a pointer instead
[INFO] [stdout] 
[INFO] [stdout] 
[INFO] [stdout] error: aborting due to previous error
[INFO] [stdout] 
[INFO] [stdout] 
[INFO] [stdout] For more information about this error, try `rustc --explain E0308`.
[INFO] [stdout] 
[INFO] [stderr] error: could not compile `glib`.
[INFO] [stderr] 
[INFO] [stderr] To learn more, run the command again with --verbose.
[INFO] [stderr] warning: build failed, waiting for other jobs to finish...
[INFO] [stdout] error: aborting due to 3 previous errors
[INFO] [stdout] 
[INFO] [stdout] 
[INFO] [stdout] For more information about this error, try `rustc --explain E0591`.
[INFO] [stdout] 
[INFO] [stderr] error: build failed
[INFO] running `Command { std: "docker" "inspect" "e973ef3a49e79f0915b860351522852af5cfd6b14eccafa1b6955e4978c4a3b0", kill_on_drop: false }`
[INFO] running `Command { std: "docker" "rm" "-f" "e973ef3a49e79f0915b860351522852af5cfd6b14eccafa1b6955e4978c4a3b0", kill_on_drop: false }`
[INFO] [stdout] e973ef3a49e79f0915b860351522852af5cfd6b14eccafa1b6955e4978c4a3b0
